{"id":774,"date":"2017-05-04T20:40:09","date_gmt":"2017-05-04T20:40:09","guid":{"rendered":"http:\/\/middoge.de\/?page_id=774"},"modified":"2026-01-26T13:14:57","modified_gmt":"2026-01-26T13:14:57","slug":"dorftreff-middoge-e-v","status":"publish","type":"page","link":"https:\/\/middoge.de\/?page_id=774","title":{"rendered":"Dorftreff Middoge e.V."},"content":{"rendered":"<p>Am 20.01.2017 fand die Gr\u00fcndungsversammlung des Vereins Dorftreff Middoge e.V. statt.<\/p>\n<p><strong>Vereinsanschrift<\/strong><br \/>\nM\u00fcllerweg 10a, 26434 Wangerland-Middoge<\/p>\n<p><strong>Vorstand<\/strong><br \/>\n1. Vorsitzender: Ekke Schoof<br \/>\n2. Vorsitzende: Elfriede Wachtendorf<br \/>\nSchriftf\u00fchrer: Theo Meyer<br \/>\nKassenwart: Ilka Hinrichs<br \/>\nBeisitzer: Gerold Lauts<\/p>\n<p><strong>Beitrittsformular<\/strong><br \/>\n<a href=\"https:\/\/middoge.de\/wp-content\/uploads\/2017\/05\/Eintrittserkl\u00e4rung-Dorftreff.pdf\">Eintrittserkl\u00e4rung Dorftreff<\/a>: Anklicken, herunterladen, ausf\u00fcllen, unterschreiben, an die Vereinsadresse per Post senden oder dort abgeben!<\/p>\n<p><strong>Satzung<\/strong><br \/>\n<a href=\"https:\/\/middoge.de\/?page_id=1729\" target=\"_blank\" rel=\"noopener\">Dorftreff e.V. Satzung<\/a><\/p>\n<p><strong>Benutzung des Dorftreffs der Alten Pastorei<br \/>\n<\/strong><a href=\"https:\/\/middoge.de\/?page_id=1736\" target=\"_blank\" rel=\"noopener\">Nutzungsordnung<\/a><\/p>\n<p><strong>Spenden<br \/>\n<\/strong>Spenden bitte auf das Konto des Dorftreff Middoge e.V.\u00a0 bei der Landessparkasse zu Oldenburg, IBAN: DE98 2805 0100 0092 2823 42 . Spendenbescheinigungen werden\u00a0 vom Kassenwart erstellt und zugeschickt.<\/p>\n","protected":false},"excerpt":{"rendered":"<p>Am 20.01.2017 fand die Gr\u00fcndungsversammlung des Vereins Dorftreff Middoge e.V. statt. Vereinsanschrift M\u00fcllerweg 10a, 26434 Wangerland-Middoge Vorstand 1. Vorsitzender: Ekke Schoof 2. Vorsitzende: Elfriede Wachtendorf Schriftf\u00fchrer: Theo Meyer Kassenwart: Ilka Hinrichs Beisitzer: Gerold Lauts Beitrittsformular Eintrittserkl\u00e4rung Dorftreff: Anklicken, herunterladen, ausf\u00fcllen, &hellip; <a href=\"https:\/\/middoge.de\/?page_id=774\">Weiterlesen <span class=\"meta-nav\">&rarr;<\/span><\/a><\/p>\n","protected":false},"author":1,"featured_media":0,"parent":0,"menu_order":0,"comment_status":"closed","ping_status":"closed","template":"","meta":{"footnotes":""},"class_list":["post-774","page","type-page","status-publish","hentry"],"_links":{"self":[{"href":"https:\/\/middoge.de\/index.php?rest_route=\/wp\/v2\/pages\/774","targetHints":{"allow":["GET"]}}],"collection":[{"href":"https:\/\/middoge.de\/index.php?rest_route=\/wp\/v2\/pages"}],"about":[{"href":"https:\/\/middoge.de\/index.php?rest_route=\/wp\/v2\/types\/page"}],"author":[{"embeddable":true,"href":"https:\/\/middoge.de\/index.php?rest_route=\/wp\/v2\/users\/1"}],"replies":[{"embeddable":true,"href":"https:\/\/middoge.de\/index.php?rest_route=%2Fwp%2Fv2%2Fcomments&post=774"}],"version-history":[{"count":19,"href":"https:\/\/middoge.de\/index.php?rest_route=\/wp\/v2\/pages\/774\/revisions"}],"predecessor-version":[{"id":2413,"href":"https:\/\/middoge.de\/index.php?rest_route=\/wp\/v2\/pages\/774\/revisions\/2413"}],"wp:attachment":[{"href":"https:\/\/middoge.de\/index.php?rest_route=%2Fwp%2Fv2%2Fmedia&parent=774"}],"curies":[{"name":"wp","href":"https:\/\/api.w.org\/{rel}","templated":true}]}}