{"id":1268,"date":"2019-07-24T17:53:35","date_gmt":"2019-07-24T17:53:35","guid":{"rendered":"http:\/\/middoge.de\/?page_id=1268"},"modified":"2023-10-30T13:05:49","modified_gmt":"2023-10-30T13:05:49","slug":"postkarten-von-middoge","status":"publish","type":"page","link":"https:\/\/middoge.de\/?page_id=1268","title":{"rendered":"Postkarten von Middoge"},"content":{"rendered":"\r\n<p class=\"wp-block-paragraph\"><strong>Middoge 1901<\/strong><\/p>\r\n<p><a href=\"https:\/\/middoge.de\/wp-content\/uploads\/2019\/07\/Middoge1901-1.jpg\"><img loading=\"lazy\" decoding=\"async\" class=\"alignleft size-full wp-image-1288\" src=\"https:\/\/middoge.de\/wp-content\/uploads\/2019\/07\/Middoge1901-1.jpg\" alt=\"\" width=\"3364\" height=\"2124\" srcset=\"https:\/\/middoge.de\/wp-content\/uploads\/2019\/07\/Middoge1901-1.jpg 3364w, https:\/\/middoge.de\/wp-content\/uploads\/2019\/07\/Middoge1901-1-300x189.jpg 300w, https:\/\/middoge.de\/wp-content\/uploads\/2019\/07\/Middoge1901-1-768x485.jpg 768w, https:\/\/middoge.de\/wp-content\/uploads\/2019\/07\/Middoge1901-1-1024x647.jpg 1024w\" sizes=\"auto, (max-width: 3364px) 100vw, 3364px\" \/><\/a>Eine der fr\u00fchesten Postkarten von Middoge 1901 mit Poststempel von Jever. Vor Haschenburger sitzen die G\u00e4ste an Tischen drau\u00dfen, die alte Schule ist mit hohen B\u00e4umen umgeben, die Personen auch vor der Kirche sind f\u00fcr den Fotografen alle aufgestellt. Der Absendeort ist Boneterei, heute Bohneterei an der Stra\u00dfe von Jever nach Hohenkirchen. Die\u00a0 Karte ging nach Mammen in Neu-Tengshausen bei Minsen.<br \/>(Zum Vergr\u00f6\u00dfern anklicken!)<\/p>\r\n<p><strong>Middoge um 1910<br \/><\/strong><\/p>\r\n<p><a href=\"https:\/\/middoge.de\/wp-content\/uploads\/2023\/10\/Middoge-ca1910-3-Ansichten-Haschenburger-Muehle-KircheSchule.jpg\"><img loading=\"lazy\" decoding=\"async\" class=\"size-full wp-image-2085 alignleft\" src=\"https:\/\/middoge.de\/wp-content\/uploads\/2023\/10\/Middoge-ca1910-3-Ansichten-Haschenburger-Muehle-KircheSchule.jpg\" alt=\"\" width=\"531\" height=\"829\" srcset=\"https:\/\/middoge.de\/wp-content\/uploads\/2023\/10\/Middoge-ca1910-3-Ansichten-Haschenburger-Muehle-KircheSchule.jpg 531w, https:\/\/middoge.de\/wp-content\/uploads\/2023\/10\/Middoge-ca1910-3-Ansichten-Haschenburger-Muehle-KircheSchule-192x300.jpg 192w\" sizes=\"auto, (max-width: 531px) 100vw, 531px\" \/><\/a><\/p>\r\n<p>&nbsp;<\/p>\r\n<p>&nbsp;<\/p>\r\n<p>&nbsp;<\/p>\r\n<p>&nbsp;<\/p>\r\n<p>&nbsp;<\/p>\r\n<p>&nbsp;<\/p>\r\n<p>&nbsp;<\/p>\r\n<p>&nbsp;<\/p>\r\n<p>&nbsp;<\/p>\r\n<p>&nbsp;<\/p>\r\n<p>&nbsp;<\/p>\r\n<p>&nbsp;<\/p>\r\n<p>&nbsp;<\/p>\r\n<p>&nbsp;<\/p>\r\n<p>&nbsp;<\/p>\r\n<p>&nbsp;<\/p>\r\n<p style=\"text-align: left;\"><br \/>Haschenburgers Gasthaus mit Wintergarten, M\u00fchle steht allein, wahrscheinlich <br \/>geht die Stra\u00dfe nach Tettens noch \u00fcber den M\u00fchlenweg, die Schule hat nicht <br \/>mehr so viele hohe B\u00e4ume wie 1901.<\/p>\r\n<p>&nbsp;<\/p>\r\n<p><strong>Middoge: Haschenburger 1927<\/strong><\/p>\r\n<p><a href=\"https:\/\/middoge.de\/wp-content\/uploads\/2019\/07\/Haschenburger1927-1.jpg\"><img loading=\"lazy\" decoding=\"async\" class=\"alignleft size-full wp-image-1308\" src=\"https:\/\/middoge.de\/wp-content\/uploads\/2019\/07\/Haschenburger1927-1.jpg\" alt=\"\" width=\"580\" height=\"365\" srcset=\"https:\/\/middoge.de\/wp-content\/uploads\/2019\/07\/Haschenburger1927-1.jpg 580w, https:\/\/middoge.de\/wp-content\/uploads\/2019\/07\/Haschenburger1927-1-300x189.jpg 300w\" sizes=\"auto, (max-width: 580px) 100vw, 580px\" \/><\/a><\/p>\r\n\r\n\r\n\r\n\r\n\r\n<p class=\"wp-block-paragraph\"><strong>Middoge ca. 1955<\/strong><\/p>\r\n\r\n\r\n\r\n<figure class=\"wp-block-image size-large\"><a href=\"https:\/\/middoge.de\/wp-content\/uploads\/2019\/07\/Middoge1950-1-1.jpg\"><img loading=\"lazy\" decoding=\"async\" class=\"alignleft wp-image-1277\" src=\"https:\/\/middoge.de\/wp-content\/uploads\/2019\/07\/Middoge1950-1-1-1024x658.jpg\" alt=\"\" width=\"573\" height=\"368\" srcset=\"https:\/\/middoge.de\/wp-content\/uploads\/2019\/07\/Middoge1950-1-1-1024x658.jpg 1024w, https:\/\/middoge.de\/wp-content\/uploads\/2019\/07\/Middoge1950-1-1-300x193.jpg 300w, https:\/\/middoge.de\/wp-content\/uploads\/2019\/07\/Middoge1950-1-1-768x493.jpg 768w\" sizes=\"auto, (max-width: 573px) 100vw, 573px\" \/><\/a>\r\n<figcaption>Postkarte von Haschenburger ca. 1955<\/figcaption>\r\n<\/figure>\r\n\r\n\r\n\r\n<p class=\"wp-block-paragraph\"><strong>Middoge ca. 1965<\/strong><\/p>\r\n\r\n\r\n\r\n<figure class=\"wp-block-image size-large\"><a href=\"https:\/\/middoge.de\/wp-content\/uploads\/2019\/07\/Middoge1960.jpg\"><img loading=\"lazy\" decoding=\"async\" class=\"alignleft wp-image-1273\" src=\"https:\/\/middoge.de\/wp-content\/uploads\/2019\/07\/Middoge1960-1024x691.jpg\" alt=\"\" width=\"550\" height=\"371\" srcset=\"https:\/\/middoge.de\/wp-content\/uploads\/2019\/07\/Middoge1960-1024x691.jpg 1024w, https:\/\/middoge.de\/wp-content\/uploads\/2019\/07\/Middoge1960-300x202.jpg 300w, https:\/\/middoge.de\/wp-content\/uploads\/2019\/07\/Middoge1960-768x518.jpg 768w\" sizes=\"auto, (max-width: 550px) 100vw, 550px\" \/><\/a>\r\n<figcaption>Postkarte von Haschenburger ca. 1965<\/figcaption>\r\n<\/figure>\r\n","protected":false},"excerpt":{"rendered":"<p>Middoge 1901 Eine der fr\u00fchesten Postkarten von Middoge 1901 mit Poststempel von Jever. Vor Haschenburger sitzen die G\u00e4ste an Tischen drau\u00dfen, die alte Schule ist mit hohen B\u00e4umen umgeben, die Personen auch vor der Kirche sind f\u00fcr den Fotografen alle &hellip; <a href=\"https:\/\/middoge.de\/?page_id=1268\">Weiterlesen <span class=\"meta-nav\">&rarr;<\/span><\/a><\/p>\n","protected":false},"author":1,"featured_media":0,"parent":0,"menu_order":0,"comment_status":"closed","ping_status":"closed","template":"","meta":{"_crdt_document":"","footnotes":""},"class_list":["post-1268","page","type-page","status-publish","hentry"],"_links":{"self":[{"href":"https:\/\/middoge.de\/index.php?rest_route=\/wp\/v2\/pages\/1268","targetHints":{"allow":["GET"]}}],"collection":[{"href":"https:\/\/middoge.de\/index.php?rest_route=\/wp\/v2\/pages"}],"about":[{"href":"https:\/\/middoge.de\/index.php?rest_route=\/wp\/v2\/types\/page"}],"author":[{"embeddable":true,"href":"https:\/\/middoge.de\/index.php?rest_route=\/wp\/v2\/users\/1"}],"replies":[{"embeddable":true,"href":"https:\/\/middoge.de\/index.php?rest_route=%2Fwp%2Fv2%2Fcomments&post=1268"}],"version-history":[{"count":19,"href":"https:\/\/middoge.de\/index.php?rest_route=\/wp\/v2\/pages\/1268\/revisions"}],"predecessor-version":[{"id":2087,"href":"https:\/\/middoge.de\/index.php?rest_route=\/wp\/v2\/pages\/1268\/revisions\/2087"}],"wp:attachment":[{"href":"https:\/\/middoge.de\/index.php?rest_route=%2Fwp%2Fv2%2Fmedia&parent=1268"}],"curies":[{"name":"wp","href":"https:\/\/api.w.org\/{rel}","templated":true}]}}